{"id":124,"date":"2023-07-05T12:53:10","date_gmt":"2023-07-05T15:53:10","guid":{"rendered":"https:\/\/sied.unt.edu.ar\/?page_id=124"},"modified":"2023-07-07T17:39:05","modified_gmt":"2023-07-07T20:39:05","slug":"investigacion","status":"publish","type":"page","link":"https:\/\/sied.unt.edu.ar\/?page_id=124","title":{"rendered":"Proyectos de Investigaci\u00f3n"},"content":{"rendered":"<div><b><span style=\"font-size: large;\">PROYECTOS DE INVESTIGACI\u00d3N VIGENTES<\/span><\/b><\/div>\n<div>\n<p>&nbsp;<\/p>\n<\/div>\n<div>\n<p><b>PIUNT 2023-2026<\/b><\/p>\n<p>&nbsp;<\/p>\n<\/div>\n<div><b>La opci\u00f3n pedag\u00f3gica y did\u00e1ctica de educaci\u00f3n a distancia en la UNT. Relevamiento, diagn\u00f3stico y estado del arte.<\/b><\/div>\n<div>Proyecto que propicia el mejoramiento de la educaci\u00f3n a distancia tanto en la UNT como en el \u00e1mbito provincial y regional, poniendo \u00e9nfasis en las dimensiones: pedag\u00f3gicas, tecnol\u00f3gicas, comunicacionales y de gesti\u00f3n a partir de un profundo an\u00e1lisis integral.<\/div>\n<div><\/div>\n<p><!--div>Descarga del proyecto<span data-mce-type=\"bookmark\" style=\"display: inline-block; width: 0px; overflow: hidden; line-height: 0;\" class=\"mce_SELRES_start\"><\/span> <a href=\"http:\/\/sied.unt.edu.ar\/wp-content\/uploads\/2023\/07\/SIED-UNT-Proyectos-PIUNT-2023-2026.pdf\">SIED UNT - Proyectos PIUNT 2023-2026<\/a><\/div-->\n","protected":false},"excerpt":{"rendered":"<p>PROYECTOS DE INVESTIGACI\u00d3N VIGENTES &nbsp; PIUNT 2023-2026 &nbsp; La opci\u00f3n pedag\u00f3gica y did\u00e1ctica de educaci\u00f3n a distancia en la UNT. Relevamiento, diagn\u00f3stico y estado del arte. Proyecto que propicia el mejoramiento de la educaci\u00f3n a distancia tanto en la UNT como en el \u00e1mbito provincial y regional, poniendo \u00e9nfasis en las dimensiones: pedag\u00f3gicas, tecnol\u00f3gicas, comunicacionales<a href=\"https:\/\/sied.unt.edu.ar\/?page_id=124\" class=\"read-more\">&nbsp;Leer m\u00e1s&#8230;<\/a><\/p>\n","protected":false},"author":1,"featured_media":0,"parent":0,"menu_order":0,"comment_status":"closed","ping_status":"closed","template":"","meta":{"footnotes":""},"_links":{"self":[{"href":"https:\/\/sied.unt.edu.ar\/index.php?rest_route=\/wp\/v2\/pages\/124"}],"collection":[{"href":"https:\/\/sied.unt.edu.ar\/index.php?rest_route=\/wp\/v2\/pages"}],"about":[{"href":"https:\/\/sied.unt.edu.ar\/index.php?rest_route=\/wp\/v2\/types\/page"}],"author":[{"embeddable":true,"href":"https:\/\/sied.unt.edu.ar\/index.php?rest_route=\/wp\/v2\/users\/1"}],"replies":[{"embeddable":true,"href":"https:\/\/sied.unt.edu.ar\/index.php?rest_route=%2Fwp%2Fv2%2Fcomments&post=124"}],"version-history":[{"count":9,"href":"https:\/\/sied.unt.edu.ar\/index.php?rest_route=\/wp\/v2\/pages\/124\/revisions"}],"predecessor-version":[{"id":134,"href":"https:\/\/sied.unt.edu.ar\/index.php?rest_route=\/wp\/v2\/pages\/124\/revisions\/134"}],"wp:attachment":[{"href":"https:\/\/sied.unt.edu.ar\/index.php?rest_route=%2Fwp%2Fv2%2Fmedia&parent=124"}],"curies":[{"name":"wp","href":"https:\/\/api.w.org\/{rel}","templated":true}]}}