{"id":116,"date":"2023-06-29T12:58:06","date_gmt":"2023-06-29T15:58:06","guid":{"rendered":"https:\/\/sied.unt.edu.ar\/?page_id=116"},"modified":"2023-07-07T17:43:41","modified_gmt":"2023-07-07T20:43:41","slug":"quienes-somos","status":"publish","type":"page","link":"https:\/\/sied.unt.edu.ar\/?page_id=116","title":{"rendered":"Quienes Somos"},"content":{"rendered":"<p>El Equipo de SIED-UNT dependiente desde Secretaria Acad\u00e9mica (Rectorado), es un equipo interdisciplinario especializado en la modalidad opci\u00f3n pedag\u00f3gica a distancia.<\/p>\n<p>El SIED se refiere a las siglas del \u201cSistema Institucional de Educaci\u00f3n a Distancia\u201d que, seg\u00fan Resoluci\u00f3n Ministerial N\u00b0 2641\/17 remite al \u201cconjunto de acciones, normas, procesos, equipamiento, recursos humanos y did\u00e1cticos que permiten el desarrollo de propuestas a distancia\u201d.<\/p>\n<p>El mismo fue validado \u00a0por CONEAU y la SPU (Secretaria de\u00a0 Pol\u00edticas Universitarias) en el a\u00f1o 2019, Habilitando a la Universidad Nacional de Tucum\u00e1n a realizar la presentaci\u00f3n de carreras a desarrollar en la modalidad opci\u00f3n pedag\u00f3gica a distancia en sus distintos niveles.<\/p>\n<p>Su estructura organizativa de Gesti\u00f3n es la siguiente:<\/p>\n<p><img decoding=\"async\" loading=\"lazy\" class=\"wp-image-135 aligncenter\" src=\"http:\/\/sied.unt.edu.ar\/wp-content\/uploads\/2023\/07\/esquema_organizativo_SIED_UNT-1024x520.png\" alt=\"Esquema organizativo SIED UNT\" width=\"850\" height=\"432\" srcset=\"https:\/\/sied.unt.edu.ar\/wp-content\/uploads\/2023\/07\/esquema_organizativo_SIED_UNT-1024x520.png 1024w, https:\/\/sied.unt.edu.ar\/wp-content\/uploads\/2023\/07\/esquema_organizativo_SIED_UNT-300x152.png 300w, https:\/\/sied.unt.edu.ar\/wp-content\/uploads\/2023\/07\/esquema_organizativo_SIED_UNT-768x390.png 768w, https:\/\/sied.unt.edu.ar\/wp-content\/uploads\/2023\/07\/esquema_organizativo_SIED_UNT.png 1300w\" sizes=\"(max-width: 850px) 100vw, 850px\" \/><\/p>\n<p>&nbsp;<\/p>\n<p>&nbsp;<\/p>\n<p><strong>Objetivo General<\/strong><\/p>\n<p>Consolidar a la Universidad Nacional de Tucum\u00e1n, como una instituci\u00f3n l\u00edder en EaD, capaz de ofrecer educaci\u00f3n de calidad a trav\u00e9s de un modelo educativo innovador y flexible acorde a las necesidades locales, basada en ambientes virtuales de ense\u00f1anza-aprendizaje y apoyada en tecnolog\u00edas de la informaci\u00f3n y de comunicaci\u00f3n avanzadas. Una universidad que, favoreciendo la equidad, ampl\u00ede la cobertura educativa, democratice el acceso a los conocimientos y a la formaci\u00f3n universitaria, lleve educaci\u00f3n de calidad a nuevos \u00e1mbitos, evidenciando el compromiso con el desarrollo de su comunidad, fortaleciendo el \u00e1mbito social, econ\u00f3mico y pol\u00edtico.<\/p>\n<p>&nbsp;<\/p>\n<p><strong>Objetivos Espec\u00edficos<\/strong><\/p>\n<ul>\n<li>Asesorar y acompa\u00f1ar a las unidades acad\u00e9micas respectivas, para la incorporaci\u00f3n de propuestas de EaD.<\/li>\n<li>Facilitar la creaci\u00f3n y desarrollo de cursos y programas de pregrado, posgrado, educaci\u00f3n continua y extensi\u00f3n basados en la EaD.<\/li>\n<li>Informar al HCS acerca del efectivo cumplimiento de la normativa para el dise\u00f1o e implementaci\u00f3n de carreras a distancia. Este informe deber\u00e1 emitirse con car\u00e1cter obligatorio en todos los proyectos de este tipo de carreras que se eleven a consideraci\u00f3n del HCS.<\/li>\n<li>Establecer normas pedag\u00f3gicas, t\u00e9cnicas y de funcionamiento para el desarrollo de la EaD, con el apoyo de un equipo interdisciplinario con especialistas en la implementaci\u00f3n de programas y proyectos de educaci\u00f3n a distancia en sus diversas modalidades<\/li>\n<li>Apoyar pedag\u00f3gicamente y t\u00e9cnicamente a los docentes para el dise\u00f1o, producci\u00f3n y dictado de cursos basados en el programa de EaD de la UNT.<\/li>\n<li>Trabajar de manera coordinada con los referentes de las diferentes unidades acad\u00e9micas, para el dise\u00f1o de programas en la opci\u00f3n pedag\u00f3gica a distancia.<\/li>\n<li>Promover la formaci\u00f3n, capacitaci\u00f3n y actualizaci\u00f3n continua de docentes e investigadores, t\u00e9cnicos y personal administrativo.<\/li>\n<li>Establecer nexos entre las Unidades Acad\u00e9micas y direcciones de inform\u00e1tica, comunicaci\u00f3n institucional, extensi\u00f3n, centro de informaci\u00f3n, medios de comunicaci\u00f3n de la Universidad (radio, tv, prensa gr\u00e1fica) y otros para facilitar el desarrollo del Sistema de Educacion a Distancia en la UNT.<\/li>\n<li>Promover el desarrollo de la investigaci\u00f3n y la experimentaci\u00f3n de innovaciones en el marco de la EaD en sus diferentes modalidades.<\/li>\n<li>Mantener un servicio de informaci\u00f3n actualizado sobre los cursos, programas y otras actividades propias de la modalidad en la UNT.<\/li>\n<li>Asesorar y coordinar sobre la firma de convenios con instituciones y organismos, nacionales e internacionales, que ofrecen cursos y programas de EaD<\/li>\n<li>Contribuir a articular la oferta educativa con los diferentes niveles en el sistema educativo provincial, potenciando la utilizaci\u00f3n de las nuevas tecnolog\u00edas, y el circuito o sistema econ\u00f3mico-productivo local.<\/li>\n<\/ul>\n<p>&nbsp;<\/p>\n<p>&nbsp;<\/p>\n<p><strong>Funciones de las \u00e1reas<\/strong><\/p>\n<p><strong>\u00a0<\/strong><\/p>\n<p><strong>\u00c1rea Pedag\u00f3gica<\/strong><\/p>\n<ul>\n<li>Intervenci\u00f3n en el an\u00e1lisis, dise\u00f1o y organizaci\u00f3n en la producci\u00f3n de materiales, teniendo en cuenta caracter\u00edsticas como perfil del egresado, modelo educativo, l\u00edneas formativas de la carrera, aspectos pedag\u00f3gico-did\u00e1cticos y los propios de la EaD; todo esto con los criterios claros de calidad de los materiales.<\/li>\n<li>Asesoramiento, seguimiento y monitoreo de los especialistas de los modules, y propuestas de mejora para el fortalecimiento y mejoramiento de las tareas involucradas.<\/li>\n<li>Generaci\u00f3n de propuestas de capacitaci\u00f3n actualizadas y orientadas a cubrir los requerimientos detectados.<\/li>\n<li>Ejecuci\u00f3n de las capacitaciones propuestas, seguimiento y evaluaci\u00f3n de los resultados.<\/li>\n<li>Asesoramiento permanente a los responsables de contenidos en la mediaci\u00f3n pedag\u00f3gica a distancia (caracter\u00edsticas de los materiales para el autoaprendizaje, propuestas de actividades y de evaluaci\u00f3n)<\/li>\n<li>Tratamiento de las consultas, inquietudes y necesidades de los especialistas involucrados.<\/li>\n<li>Articulaci\u00f3n con los perfiles intervinientes en la estructura de apoyo pedag\u00f3gico, y con el resto de las \u00e1reas del SIED<\/li>\n<\/ul>\n<p>&nbsp;<\/p>\n<p><strong>\u00c1rea de Investigaci\u00f3n y Transferencia<\/strong><\/p>\n<ul>\n<li>Propuesta y desarrollo de proyectos de investigaci\u00f3n que focalicen en el estudio de la opci\u00f3n pedag\u00f3gica a distancia.<\/li>\n<li>Fomento del desarrollo de investigaciones interdisciplinarias sobre la opci\u00f3n pedag\u00f3gica a distancia en el colectivo docente de la UNT.<\/li>\n<li>An\u00e1lisis, dise\u00f1o, implementaci\u00f3n, seguimiento y evaluaci\u00f3n de programas y proyectos educativos innovadores que se desarrollen empleando tecnolog\u00edas de la informaci\u00f3n y comunicaci\u00f3n.<\/li>\n<li>Fortalecimiento del intercambio entre proyectos de investigaci\u00f3n existentes en la UNT que desarrollan investigaciones sobre la opci\u00f3n pedag\u00f3gica a distancia.<\/li>\n<li>Concreci\u00f3n de acciones de transferencia que permitan la difusi\u00f3n del conocimiento producido tanto en la propia comunidad de la UNT como en el medio local y regional.<\/li>\n<li>Actualizaci\u00f3n del estado del arte sobre la opci\u00f3n pedag\u00f3gica a distancia, disponible para las y los docentes interesados en desarrollar sus clases en la modalidad a distancia o utilizando la educaci\u00f3n virtual como complemento de las clases presenciales.<\/li>\n<li>Apoyar las coediciones y coproducciones entre editoriales universitarias asociadas con el objeto de reducir costos y mejorar los sistemas de distribuci\u00f3n.<\/li>\n<li>Buscar el establecimiento de sistemas interuniversitarios de distribuci\u00f3n y mayor accesibilidad de los materiales a un n\u00famero cada vez mayor de usuarios.<\/li>\n<li>Respetar los derechos de autor y el cumplimiento de los compromisos adquiridos en materias de publicaci\u00f3n y amplia distribuci\u00f3n de las obras.<\/li>\n<li>Elaborar anualmente un plan de comunicaci\u00f3n estrat\u00e9gica que involucre a todos los usuarios del SIED de la UNT<\/li>\n<li>Elaborar programas de apoyo comunicacionales para el SIED y la difusi\u00f3n de buenas pr\u00e1cticas.<\/li>\n<li>Definir criterios comunes para mejorar sus ediciones y estrategias para optimizar la distribuci\u00f3n de sus publicaciones.<\/li>\n<li>Buscar mercados regionales y subregionales para las producciones de sus miembros institucionales.<\/li>\n<li>Sugerir, plantear, motivar y mostrar sistemas compatibles de informaci\u00f3n, mediante la creaci\u00f3n de bancos de datos, cartas de informaci\u00f3n, cat\u00e1logos comunes, listas de canje o intercambio.<\/li>\n<\/ul>\n<p>&nbsp;<\/p>\n<p><strong>\u00c1rea Tecnol\u00f3gica \u2013 Direcci\u00f3n del \u00a0Campus Virtual<\/strong><\/p>\n<ul>\n<li>Configuraci\u00f3n, diagramaci\u00f3n y personalizaci\u00f3n del entorno de la plataforma y de los soportes tecnol\u00f3gicos adecu\u00e1ndolos a las necesidades y al perfil e imagen institucional, teniendo en cuenta los criterios para la generaci\u00f3n de una interfaz amigable para los usuarios, y alumnos en especial, a trav\u00e9s de la utilizaci\u00f3n de diversos lenguajes.<\/li>\n<li>Generaci\u00f3n y difusi\u00f3n de modelos de aspectos gr\u00e1ficos, de contenido y funcionamiento de la plataforma.<\/li>\n<li>Mantenimiento permanente de la plataforma tecnol\u00f3gica y todo otro recurso disponible o a adquirirse destinados al funcionamiento de la oferta educativa a distancia.<\/li>\n<li>Aseguramiento de las condiciones de acceso a la plataforma y de los niveles de seguridad implementados (sistemas de backups, sistemas de tolerancia a fallos, etc.).<\/li>\n<li>Optimizaci\u00f3n del funcionamiento de las distintas herramientas y utilidades brindadas por los recursos tecnol\u00f3gicos involucrados.<\/li>\n<li>Previsi\u00f3n sobre las condiciones t\u00e9cnicas necesarias tendientes a promover la accesibilidad y adaptabilidad de los recursos tecnol\u00f3gicos por parte de los diferentes usuarios involucrados.<\/li>\n<li>Asesoramiento sobre el manejo y utilidades de los recursos tecnol\u00f3gicos.<\/li>\n<li>Desarrollo y Administraci\u00f3n de canales de ayuda a los usuarios y actores involucrados en relaci\u00f3n a los aspectos de \u00edndole tecnol\u00f3gica, donde se evacuen todas las dudas vinculadas al uso de las tecnolog\u00edas en la modalidad a distancia.<\/li>\n<li>Organizaci\u00f3n y desarrollo de actividades de actualizaci\u00f3n y capacitaci\u00f3n vinculadas a las tecnolog\u00edas.<\/li>\n<li>Trabajo articulado con el resto de las \u00e1reas del SIED UNT y con las diferentes unidades acad\u00e9micas y escuelas experimentales.<\/li>\n<li>Participaci\u00f3n en el an\u00e1lisis y dise\u00f1o de los materiales producidos para los diferentes espacios curriculares de la carrera.<\/li>\n<\/ul>\n<p>&nbsp;<\/p>\n<p>&nbsp;<\/p>\n<p><strong>\u00c1rea de vinculaci\u00f3n<\/strong><\/p>\n<ul>\n<li>Identificar y relevar las necesidades espec\u00edficas de las UUAA, Escuelas Universitarias en lo referido a Educaci\u00f3n a Distancia.<\/li>\n<li>Identificar y relevar las necesidades espec\u00edficas de las UUAA, Escuelas universitarias y Preuniversitarias en lo referido a inclusi\u00f3n de tecnolog\u00eda en las pr\u00e1cticas educativas.<\/li>\n<li>Identificar y relevar la posibilidad de instancies de virtualidad como complemento a la presencialidad.<\/li>\n<li>Dise\u00f1ar, en conjunto con las dem\u00e1s \u00e1reas, propuestas de capacitaci\u00f3n y asesoramiento en temas vinculados a la inclusi\u00f3n de tecnolog\u00eda y a la modalidad virtual.<\/li>\n<li>Gestionar la obtenci\u00f3n de informaci\u00f3n requerida por las distintas \u00e1reas, en las diferentes UUAA y Escuelas universitarias y preuniversitarias, en el marco del SIED.<\/li>\n<\/ul>\n<p>&nbsp;<\/p>\n<p><strong>Comisi\u00f3n Intrainstitucional del SIED-UNT<\/strong><\/p>\n<p>La Comisi\u00f3n Intrainstitucional se constituye con el prop\u00f3sito de construir un espacio de reflexi\u00f3n y de generaci\u00f3n de propuestas de acciones concretas sobre la Educaci\u00f3n a Distancia, orientando y recomendando la formulaci\u00f3n de las pol\u00edticas para la EaD de la UNT, privilegiando su desarrollo e inserci\u00f3n no solo a nivel institucional sino tambi\u00e9n provincial, regional y nacional.<\/p>\n<p>Es funci\u00f3n de la Comisi\u00f3n informar y evaluar las actividades de educaci\u00f3n a distancia o actividades de ense\u00f1anza desarrolladas por medios virtuales en cada una de las UUAA y Escuelas, as\u00ed como el logro de resultados.<\/p>\n<p>Sera responsable adem\u00e1s de gestionar los medios a su alcance para garantizar el desarrollo y mantenimiento de los sitios web institucionales destinados a las actividades de educaci\u00f3n a distancia.<\/p>\n<p>Atendiendo a la especificidad de cada Nivel Educativo la Comisi\u00f3n Intrainstitucional se organizar\u00e1 en dos sub\u00e1reas. Una de ellas conformada por los referentes de las UUAA, que atender\u00e1 cuestiones de pregrado, grado y posgrado y la otra, integrada por los referentes de las escuelas experimentales preuniversitarias.<\/p>\n","protected":false},"excerpt":{"rendered":"<p>El Equipo de SIED-UNT dependiente desde Secretaria Acad\u00e9mica (Rectorado), es un equipo interdisciplinario especializado en la modalidad opci\u00f3n pedag\u00f3gica a distancia. El SIED se refiere a las siglas del \u201cSistema Institucional de Educaci\u00f3n a Distancia\u201d que, seg\u00fan Resoluci\u00f3n Ministerial N\u00b0 2641\/17 remite al \u201cconjunto de acciones, normas, procesos, equipamiento, recursos humanos y did\u00e1cticos que permiten<a href=\"https:\/\/sied.unt.edu.ar\/?page_id=116\" class=\"read-more\">&nbsp;Leer m\u00e1s&#8230;<\/a><\/p>\n","protected":false},"author":1,"featured_media":0,"parent":0,"menu_order":0,"comment_status":"closed","ping_status":"closed","template":"","meta":{"footnotes":""},"_links":{"self":[{"href":"https:\/\/sied.unt.edu.ar\/index.php?rest_route=\/wp\/v2\/pages\/116"}],"collection":[{"href":"https:\/\/sied.unt.edu.ar\/index.php?rest_route=\/wp\/v2\/pages"}],"about":[{"href":"https:\/\/sied.unt.edu.ar\/index.php?rest_route=\/wp\/v2\/types\/page"}],"author":[{"embeddable":true,"href":"https:\/\/sied.unt.edu.ar\/index.php?rest_route=\/wp\/v2\/users\/1"}],"replies":[{"embeddable":true,"href":"https:\/\/sied.unt.edu.ar\/index.php?rest_route=%2Fwp%2Fv2%2Fcomments&post=116"}],"version-history":[{"count":7,"href":"https:\/\/sied.unt.edu.ar\/index.php?rest_route=\/wp\/v2\/pages\/116\/revisions"}],"predecessor-version":[{"id":137,"href":"https:\/\/sied.unt.edu.ar\/index.php?rest_route=\/wp\/v2\/pages\/116\/revisions\/137"}],"wp:attachment":[{"href":"https:\/\/sied.unt.edu.ar\/index.php?rest_route=%2Fwp%2Fv2%2Fmedia&parent=116"}],"curies":[{"name":"wp","href":"https:\/\/api.w.org\/{rel}","templated":true}]}}